e (80/12)/(2/m). What is the tens digit of 866/d + 14/10 + -1?
8
Suppose 7*x + 33 = 4*g + 2*x, -4*g + 3*x + 31 = 0. Suppose -2262 = -3*t - g*o + 5*o, 0 = -4*t - 5*o + 3023. What is the units digit of t?
2
Let w = -23 + -49. Let h = 75 + w. Suppose r - 3*r = -5*l - 350, -h*l = r - 153. What is the hundreds digit of r?
1
Let k be (-292)/(-18) - 8/36. Suppose 0 = 4*o + o + 20, -4*p - 4*o - k = 0. Suppose p = -11*h + 640 - 90. What is the tens digit of h?
5
Let u(x) be the third derivative of -x**6/120 - x**5/20 + x**4/4 + 4*x**3/3 + 14*x**2. Let y be u(-4). Suppose 154 = 2*t - y*t. What is the units digit of t?
7
Suppose -17*b + b + 128 = 0. Suppose -b*p - 768 = -4128. What is the tens digit of p?
2
Let k(r) = r**3 + 154. Let u(d) = -d**2 - 2*d + 3. Let j be u(0). Suppose -2*i - 5 = s - 0*s, -5*s - 25 = -j*i. What is the units digit of k(i)?
4
Let z be (-1 + (-9)/(-4))*1656/18. Suppose 4*c + 63 - z = 0. What is the units digit of c?
3
Suppose -5*l + 11*f = 6*f - 3145, 0 = l + 5*f - 659. Suppose -2*i + 634 = 5*q, 2*i - l = 3*q + 2*q. Suppose -5*s + i = -233. What is the tens digit of s?
1
Let i = -19069 - -44420. What is the hundreds digit of i?
3
Suppose 26997 = q + 5*k, -14*q - 4*k = -16*q + 53924. What is the hundreds digit of q?
9
Let r be (1 + -10)*(-8400)/63. Let x = -547 + r. What is the tens digit of x?
5
Let p = 2861 + -2452. What is the hundreds digit of p?
4
Suppose 361*s - 76 = 357*s. Suppose s*m - 727 + 252 = 0. What is the tens digit of m?
2
Let o(g) = -70*g**2 - g + 23. Let v(a) = a**2 - a - 2. Let r(b) = -o(b) - 6*v(b). What is the tens digit of r(3)?
8
Suppose 0 = 7*p + 703 - 5148. Let w = p + -380. What is the hundreds digit of w?
2
Let l = 43 - 69. Let y(f) = f**3 + 6*f**2 - 18*f - 6. Let d be y(-7). Let m = d + l. What is the tens digit of m?
4
Suppose 146*k - 99537 - 1177107 + 116966 = 0. What is the units digit of k?
3
Suppose -262*b + 5910888 = 66*b. What is the ten thousands digit of b?
1
Suppose -4*d + 1712*c - 1708*c + 174056 = 0, -86965 = -2*d - 5*c. What is the thousands digit of d?
3
Suppose 2*x + 2*v + 0*v = -4, -31 = 5*x - 2*v. Let c be (-13)/(-2)*(7 - x). Suppose 452 = 3*y + 5*n + c, y + 4*n = 120. What is the units digit of y?
8
Let u = 419 + 2821. What is the tens digit of u/4 + (5 - (6 - 0))?
0
Suppose 2*w = -216 + 258. Let g be (6/4)/(4*w/224). Let y = 45 - g. What is the tens digit of y?
4
Let q be ((-72)/(-16))/(1/(-4)). Let a(p) = p**3 + 17*p**2 - 25*p + 1. Let x be a(q). Suppose 68 + x = 5*u. What is the units digit of u?
9
Let t(x) = -319*x + 53. Let m be t(-2). Suppose 0 = -p + 2*h + m, 4*p - h = 826 + 1917. What is the units digit of p?
5
Suppose 245 = 3*p + 167. Let v(s) = 46*s + 88. What is the hundreds digit of v(p)?
2
Suppose -5*h = -3*c - 2*c + 2325, 1395 = 3*c - h. Let x = c - 290. What is the tens digit of 4*(x/10 - -4)?
8
What is the tens digit of ((-2482596)/20)/(-9) + 18/10?
9
Suppose -8*c - 15 = -13*c. Suppose -5*m - i + c = -2, -5*i - 4 = -4*m. What is the units digit of (-1*(0 - m))/((-1)/(-29))?
9
Suppose -1073521 = -160*o + 17*o + 987681. What is the hundreds digit of o?
4
Let h be (29/29)/((-1)/(-5)). Suppose -2009 = -h*j + 111. What is the tens digit of j?
2
Suppose 0 = 5*b - 2*x + 21, 11 = -b + 17*x - 20*x. What is the tens digit of ((-2)/(-6))/(b/(-2655))?
7
What is the units digit of (-52)/(-2964)*-19 + (1 - 168724/(-3))?
2
What is the thousands digit of 10132 - (1 - 80/(-8))?
0
Let v = -847 + 847. Suppose 0 = -h - 2*h - 3, -3*z - 4*h = -5. Suppose -z*i + 273 = 4*u, 2*u + 6*i - i - 147 = v. What is the units digit of u?
6
Let d be 0 - (368/(-14) + 4/14). Let g = 29 - d. Suppose 0*u - u = -5*w + 142, -g*u = -2*w + 49. What is the tens digit of w?
2
Let d(x) be the second derivative of -29*x**3/3 - 19*x**2/2 + 17*x. What is the units digit of d(-3)?
5
What is the thousands digit of 3557 + 5/((-10)/(-16))?
3
Suppose 0 = -c - 4*k + 21184, k + 721 = 722. What is the thousands digit of c?
1
Suppose -2*v - 5*c + 369 = 0, 12*v - 7*v = 5*c + 940. Suppose v*l - 189*l = -1040. What is the tens digit of l?
2
Suppose 3*q + 2*g = -20 + 43, 0 = q - g - 1. Suppose 99 + 1381 = q*y. What is the units digit of y?
6
Suppose -72 = -2*z - 7*z. Suppose x = z*x + 11872. What is the hundreds digit of x/(-12) + (-8)/6?
1
Suppose -i + a - 116 = -2*i, 0 = i + 5*a - 128. Let z = i + -197. Let b = z - -172. What is the units digit of b?
8
Suppose -26*i + 22*i - 3*a = -8712, 0 = 2*i + 4*a - 4356. Suppose z = -5*m + 713, -3*z - 3*m + m + i = 0. What is the hundreds digit of z?
7
Suppose -6*h = -9*h + 9, 0 = -s + 4*h - 17. Let y(w) = -2*w**3 - 3*w**2 + 20*w - 2. What is the tens digit of y(s)?
7
Let r = -7356 + 15357. What is the thousands digit of r?
8
Suppose 0 = 4*f + 3*s - 601 - 8545, 3*s - 2291 = -f. What is the thousands digit of f?
2
Suppose -5887 = 25*v - 62. Let o = v - -916. What is the tens digit of o?
8
Let g(c) = 191*c + 72*c + 184*c + 213*c + 27*c. What is the units digit of g(2)?
4
Suppose -2*m = 9*j - 10*j + 10, 0 = m - 3*j. What is the units digit of (201/1)/(m/(-18))?
3
Let n(f) be the second derivative of 65*f**4/12 + 13*f**3/6 + 21*f**2 + 6*f + 13. What is the tens digit of n(-4)?
3
Let h(q) = -228*q**3 + q**2 - 54*q - 152. What is the units digit of h(-3)?
5
Let n(f) = -143*f + 247. Let h(i) = 576*i - 987. Let w(r) = 2*h(r) + 9*n(r). What is the hundreds digit of w(-7)?
1
Let x(n) = 0*n**2 + 6*n**2 + 9*n - 3375 + 3356. Let a be x(11). Let t = a - 551. What is the hundreds digit of t?
2
Let g(y) be the second derivative of 40*y**4/3 + 2*y**3/3 - y**2/2 + 809*y. Let h(d) = d**3 + 5*d**2 - d - 6. Let k be h(-5). What is the units digit of g(k)?
5
Let b = 52 - 47. Suppose 0 = 5*y + b*y - 20. Suppose -2*i + 27 - 1 = 2*d, -4*d - y*i + 58 = 0. What is the units digit of d?
6
Suppose 4*p - 14 - 17 = -3*v, -v + 21 = 4*p. Suppose v*r - 8*r = -249. Suppose r + 48 = y. What is the units digit of y?
1
Let i(d) = -100*d + 2884. What is the tens digit of i(-28)?
8
Let u be ((-1)/(5/(-8)))/(14/35). Suppose -q - 3*c = -829, u*q - 5*c - 3326 = -7*c. What is the hundreds digit of q?
8
What is the units digit of -6 + 5065 + (15 - 15)/(4 + -2)?
9
Suppose -219*g + 5097190 = -1985051. What is the thousands digit of g?
2
Suppose 5*s - 37378 = 2*o, 27*s - 26*s - 7472 = o. What is the hundreds digit of s?
4
Let p(u) = -136*u + 43. Let s(r) = 273*r - 85. Let i(h) = -5*p(h) - 2*s(h). What is the tens digit of i(3)?
5
Suppose 13*i - 25640 = 2856. Let q = i + -4226. What is the hundreds digit of (4/(-6))/(-4 + (-8124)/q)?
1
Let a(w) = -497*w - 4392. What is the hundreds digit of a(-42)?
4
Let a(v) = 15*v - 265. Let y be a(18). What is the hundreds digit of -10 + 35/y - -619?
6
Let z = -513 + 1008. Let g = -132 + z. What is the units digit of g?
3
Let a(c) = -c**3 - 10*c**2 + 11*c. Let y be a(-11). Let t be 61440/(-280) + y + 3/7. Let q = -156 - t. What is the units digit of q?
3
Suppose -5*s - 15 = 0, 0 = -x - 5*s + 3*s + 2190. Suppose -4*y + 2240 = 4*w, -w + 600 = 5*y - x. What is the units digit of y?
9
Let b(u) = -1607*u + 21. Let i be b(-1). Suppose -12*x + 7*x - i = -4*a, a - 420 = -2*x. What is the tens digit of a?
1
Let f be 1 - (0 - -5 - 6). Suppose -4*b + 350 = 3*i, -4*b + 6*b - f*i - 168 = 0. What is the tens digit of b?
8
Let b(k) be the first derivative of k**3/3 + 2*k**2 - 11*k + 6. Let g be b(-7). Suppose 0 = g*s - 3*s - 91. What is the tens digit of s?
1
Let r(q) = 5*q**3 - 123*q**2 + 61*q - 30. What is the units digit of r(27)?
5
Let g(o) = 3*o**3 - 10*o**2 + 6*o - 1. Let k be g(4). Let q = -51 + k. Suppose 145 + 107 = 4*p - q*a, 2*p - 146 = -2*a. What is the units digit of p?
8
Let b(g) = 15*g**3 + 8*g**2 - 5*g - 19. What is the thousands digit of b(6)?
3
Suppose -8*i = -1 - 31. Let n be (40/(-15) + i)*(-6)/(-4). Suppose 3*j - 412 = -n*y, 32 - 186 = -j - 4*y. What is the units digit of j?
4
Let k be ((-18)/(-12))/((2 - 0)/100). Let d(s) = 144 - 76 - 4*s - k. What is the tens digit of d(-16)?
5
Suppose 0 = 2*i + i - 9. Suppose -36 = -0*o - i*o. What is the tens digit of ((-41)/(-2))/(o/24)?
4
Suppose h + 1325 = 5*u + 16118, -5*u = -10. What is the ten thousands digit of h?
1
Let t = 670 + -109. Let w = -104 + t. What is the units digit of w?
7
Let v = -87 + 90. Suppose -5*q = -3*y - 1490, 4*q + v*y + 286 =